 = y*q. Calculate the remainder when q is divided by 13.
9
Suppose 5*o = -5*o + 720. Suppose 7*g + 5*g - o = 0. What is the remainder when g is divided by 5?
1
Let b be (0 - 3) + 769 + (-40)/8. Let p = b - 509. What is the remainder when p is divided by 1 + 63 + 0/(-3)?
60
Let w = -231 + 150. Let o = 6 - w. What is the remainder when o is divided by -1*(-27 + (-8 - 10*(-2)/4))?
27
Let a(z) be the second derivative of z**4/12 - 11*z**3/2 + 107*z**2 - 59*z. What is the remainder when 190 is divided by a(7)?
30
Suppose -57*s - 21*s - 220*s + 79864 = 0. Calculate the remainder when s is divided by 21.
16
Let c(s) = s**2 + 13*s - 381. Calculate the remainder when c(16) is divided by 22.
17
Let k(g) = -2633*g + 22633. What is the remainder when k(8) is divided by 37?
15
Let h(w) = -3*w - 81. Let o(i) = 2*i + 54. Let n(x) = 5*h(x) + 7*o(x). Let c be n(-23). Calculate the remainder when 31 is divided by (10 - (c + 2))*1.
7
Let k(w) = 69*w + 1493. What is the remainder when k(-17) is divided by 94?
38
Let z(n) be the second derivative of -29*n**3/6 - 25*n**2/2 + 2*n. Let u = 1878 - 1884. Calculate the remainder when z(u) is divided by 38.
35
Let q be (536/6)/(4/6). Let w = q - 88. Calculate the remainder when 17 is divided by 22/55 - w/(-10).
2
Calculate the remainder when (9 - 5829)/(-5) + -18 is divided by 573.
0
Let s be (-12)/8*(-44)/3. Let b = -22 + s. Let x(u) = u**2 + u + 19. What is the remainder when 37 is divided by x(b)?
18
Let v = 7 - -10. Let n(w) = -27*w**2 - 487*w + 45. Calculate the remainder when n(-18) is divided by v.
12
Let p(z) = -24*z + 717. Calculate the remainder when 222 is divided by p(29).
12
Suppose -69*h + 2479 = -9*h - 6281. What is the remainder when h is divided by 26?
16
Let a = 294 - 246. Suppose a*b = 421 + 1931. What is the remainder when b is divided by 47?
2
What is the remainder when 444/(-2886) - (244068/(-26))/(6/4) is divided by 10?
8
Calculate the remainder when -2*(-5)/80*-4*-270 is divided by 14.
9
Suppose 2*d - 593 - 195 = 4*n, 0 = -3*n + 3*d - 594. What is the remainder when 193 is divided by n/140*(0 + -65)?
11
Suppose 0 = -1435*h + 1436*h - 2*a - 299, 2*h = -4*a + 542. What is the remainder when h is divided by 9?
6
Let d(m) = -m**2 - 19*m - 10. Let t be (-724)/40*4*-5*1. Suppose 0 = 359*q - t*q + 333. Calculate the remainder when q is divided by d(-16).
35
Let r = 39290 + -36272. What is the remainder when r is divided by 339?
306
Let w(f) = f. Let q(s) = -5*s - 13. Let g(h) = q(h) - 3*w(h). Let o be g(-5). Suppose b = 15 + o. Calculate the remainder when b is divided by 11.
9
Let q(x) = x**2 + 12*x + 34. Let n be q(-4). Calculate the remainder when (((-310)/(-20))/(-1))/(n/(-4)) is divided by 9.
4
Suppose 5*j + 2*q = 1129, 0*q = -5*j - q + 1132. Calculate the remainder when (-3)/(-5) + j/5 is divided by 29.
17
Let q(j) be the second derivative of -3*j**3 - 15*j**2 + 169*j. What is the remainder when q(-10) is divided by 74?
2
Let h(y) = 47*y**2 + 3*y + 3. Calculate the remainder when h(4) is divided by (-5 - 1) + -489 + 572.
74
Let s(w) = -60*w**2 + 10*w - 9. Let o be s(1). Let z = o - -71. Let q = -6 - -28. Calculate the remainder when q is divided by z.
10
Suppose 32 = -2*o + 2*s, -6*o + 11*o - 3*s = -88. What is the remainder when 73 is divided by 6/(-8) + (-235)/o?
7
Let c = 37 - 4. Suppose -2*z = 9*z - c. Suppose -3*o = z*l - 45, l = -o + 2*o - 5. What is the remainder when o is divided by 6?
4
Let l(i) = -i**2 + 6*i + 297. What is the remainder when 2836 is divided by l(20)?
14
Calculate the remainder when 104 is divided by ((-28)/126)/((0 - -2)/(-36)).
0
What is the remainder when -33 + 373 + (16 - 4) is divided by 10?
2
Suppose 2*a - 22 - 6 = 0. What is the remainder when (-51)/(-136)*(-4392)/(-27) is divided by a?
5
Let d = -25 + 36. Let l be (0 - 49/(-17)) + 72/612. Suppose l*j + 34 = u, -27 + 19 = -4*j. Calculate the remainder when u is divided by d.
7
Let r(i) = -59*i - 565. Calculate the remainder when 100 is divided by r(-10).
0
Let b = 9 + -34. Let t = b - -45. Let p = 29091 - 29080. Calculate the remainder when t is divided by p.
9
Suppose -3*j - 767 = -2*l - 588, 2*l = -5*j + 171. Calculate the remainder when 208 is divided by l.
32
Calculate the remainder when (-24849450)/(-10350) - 4/(-46) is divided by 119.
21
Suppose -3*k - 5 = -32. Suppose 10*x + 1149 + 391 = 0. Calculate the remainder when (x/(-56))/((-1)/(-8)) is divided by k.
4
Calculate the remainder when 23 + 1248 + (22 - -1) is divided by 271.
210
Suppose -58*d = -4322 - 5944. Calculate the remainder when 2475 is divided by d.
174
Calculate the remainder when 236 is divided by 770/4 - ((-724)/543 - 5/(-6)).
43
Let q be 19/(-38)*(-2)/3*3. Let z be (1 + -1)/(-6 + q + 2). Suppose 3*x + 4*m - 18 = 0, -4*x + m + 43 = -z*m. Calculate the remainder when x is divided by 4.
2
Let r = 372 - 639. Let a = r - -324. Calculate the remainder when a is divided by 18.
3
Suppose x - 2*d - 131 = 0, 0 = -2*x - 2*x - 5*d + 550. Let w(p) = -77*p - 274. Calculate the remainder when x is divided by w(-4).
33
Suppose 262 = -5*p + 292, 25956 = 4*h + 2*p. What is the remainder when h is divided by 7?
4
Let g(i) = 3*i**2 - 10. Let c = 11 + -9. Suppose 5*o - 3 = t + c*o, 2*o - 35 = -3*t. Calculate the remainder when g(3) is divided by t.
8
Suppose 3*v = 2*i - 42, -5*i = 352*v - 349*v - 105. Calculate the remainder when i is divided by 3.
0
Let n be (-3)/(-1) - -3*20/(-15). Let a = 3 - n. Suppose -33 = -v + 3*z, -v + 53 = -a*z + 16. What is the remainder when 83 is divided by v?
20
Let g(b) = 2*b**2 - 16*b + 1. Let d be g(8). Suppose 5*x = -2*c + 3, 9*c - d = -3*x + 8*c. Let m = x + 19. Calculate the remainder when m is divided by 7.
4
Suppose 585*v = 590*v - 25. Suppose v*j - r - 2*r - 172 = 0, -5*j + 5*r + 170 = 0. Calculate the remainder when 133 is divided by j.
28
Let t(m) = 3*m**3 - 67*m**2 + 55*m - 236. What is the remainder when t(22) is divided by 188?
114
Suppose 1 = 138*m - 139*m. Calculate the remainder when (-3102)/(-22) + 4 + m is divided by 21.
18
Suppose -16*y + 20*y - 828 = 0. Let k = y - 27. Suppose -2*l + k = 2*x, -11*l = -2*x - 7*l + 168. What is the remainder when x is divided by 45?
43
Let y be (3 + (-824)/40)*-20. Suppose y = 9*r + 91. Calculate the remainder when (0 + 2 - 1)*113 is divided by r.
26
Suppose -1466 = 6*x - 1772. What is the remainder when x is divided by 38?
13
Let l(m) = m**3 - 27*m**2 + 6*m - 38. Let t be l(27). What is the remainder when ((-8)/(-16))/(1/t) is divided by 26?
10
Let l(x) = 2*x**3 + 59*x**2 + 19*x - 81. Calculate the remainder when 630 is divided by l(-29).
3
Let s(f) = -3*f**3 - 6*f**2 + 77*f + 368. Calculate the remainder when s(-7) is divided by 34.
20
Let s(y) = -y**3 + 13*y**2 - 23*y + 31. Let k = -819 + 944. What is the remainder when k is divided by s(11)?
5
Suppose 2*h = 4*v + 20, -5*h + 24 = 4*v - 54. Suppose 3*d + 11*d - 494 = -5*d. What is the remainder when d is divided by h?
12
Suppose 0 = 5*u - 2*x - 5371, 19*u + 3231 = 22*u + 3*x. What is the remainder when u is divided by 48?
19
Let i(w) = 3*w + 12. Let l(h) = h. Let c(n) = -i(n) + 2*l(n). Suppose 0 = 2*q + b - 4 + 2, -3 = -3*q + 3*b. Calculate the remainder when c(-13) is divided by q.
0
Suppose 4*x - 147 = -5*l, 5*x = 156*l - 155*l - 12. What is the remainder when l is divided by 14?
13
Suppose 3*l = 0, -3*n - 105 + 240 = l - 165. What is the remainder when 490 is divided by n?
90
Suppose 25*a = 2057 + 3443. Calculate the remainder when 454 is divided by a.
14
Calculate the remainder when 1647 is divided by (1 + 2)/3 + 64 + -15.
47
Let d(p) = 4*p - 65. Let l be d(25). Suppose 0 = 2*z - l - 5. What is the remainder when 33 is divided by z?
13
Suppose 356 - 28 = 2*u. Let l = -130 + u. Calculate the remainder when 133 is divided by l.
31
Calculate the remainder when 9*(-9297)/(-126) - (-3)/(-42) is divided by 48.
40
Let t = -2174 - -2190. Let w(y) be the first derivative of -y**4/4 + 6*y**3 - 23*y**2/2 + 14*y - 3. What is the remainder when w(t) is divided by 23?
20
What is the remainder when (211/(-2))/(113/(-226)) is divided by 86?
39
Let s = 12205 + -12181. What is the remainder when 234 is divided by s?
18
Let z(q) = 9*q**2 - 6*q + 8. Let j(c) = 2*c**2 + 26*c - 57. Let t be j(-15). Calculate the remainder when 214 is divided b